3*j - 2*r - 114 = 124, -4*j = -5*r - 329. Suppose c = -c - j. What are the prime factors of -4 - (-3 + c - 3)?
2, 5
Suppose -2*s = -5*v + 53 - 300, 5*s = 2*v + 670. Suppose 3*n + n = s. What are the prime factors of n?
2, 17
Suppose -22*s - 1141 = -23*s. List the prime factors of s.
7, 163
Let d(o) = o**3 + 4*o**2 + 7*o - 10. Let b be d(4). Suppose -2*l + b = 2*k, l - 5*k = -4*k + 83. List the prime factors of l.
2, 3, 13
Let c = 130 - 67. Suppose -o + 73 = 4*b, -2*o = -3*o + b + c. What are the prime factors of o?
5, 13
Let r(w) = 402*w + 437. List the prime factors of r(4).
5, 409
Let u be (-1975)/(-4) + 28/112. Suppose 0*k + u = 2*k + 5*f, 2*k = -2*f + 506. What are the prime factors of k?
257
Let i(b) = -b**2 + b + 3. Let t be i(2). What are the prime factors of 9/t + (8 - 7)?
2, 5
Let k(m) = m - 24 + 40 - 18. Suppose -2*g + 15 = -o, -4*o + 4 + 32 = 4*g. List the prime factors of k(g).
2, 3
Suppose 2*u - 13 = -9. List the prime factors of (-2 + 9)*16/u.
2, 7
Let p(o) = -1300*o - 488. What are the prime factors of p(-4)?
2, 19, 31
Let w(c) = c**2 + 11*c + 24. What are the prime factors of w(-14)?
2, 3, 11
Suppose -3*x + 4*x - 2 = 0. Suppose -813 = -6*f + 123. Suppose -144 = -x*w - 3*w + y, 5*w = 4*y + f. List the prime factors of w.
2, 7
Let o(b) = 145*b**2 - 8*b - 15. List the prime factors of o(-2).
7, 83
Suppose -11*q - 10154 = -46355. What are the prime factors of q?
3, 1097
What are the prime factors of (-3938)/(-6) + (-39)/9 + 4?
2, 41
Let x(g) = 19*g**3 - 5*g**2 + 15*g - 8. List the prime factors of x(3).
5, 101
Let h(g) = -4*g**3 + 4*g**2 - 2*g - 6. Suppose -3*z + 4*q - 17 = 0, 0 = 3*z - 0*q + q + 7. What are the prime factors of h(z)?
2, 3
Suppose 0 = -14*v + 9*v + 4*u + 5793, 5*u - 2304 = -2*v. What are the prime factors of v?
13, 89
Suppose 5*w = 2*w + 72. Suppose 7*l + w = 3*l. List the prime factors of (-64)/20*15/l.
2
Suppose 4*h - 8175 = 1013. List the prime factors of h.
2297
List the prime factors of (9/((-45)/953))/((-1)/5).
953
Let h = 8 + -4. Suppose h*u = -u + 20. Suppose 65 = u*v - 51. List the prime factors of v.
29
Suppose 3*s + 5*k = 1384, 1847 = 4*s - 0*s + 5*k. What are the prime factors of s?
463
Let s = 4474 - 3158. What are the prime factors of s?
2, 7, 47
Let h(d) = d**2 - 13*d + 18. Let a be 735/25 - (-3)/5. Let k = a - 18. What are the prime factors of h(k)?
2, 3
Let r = -5 + 8. Suppose 5*l - 438 = -2*o, o + r = 7. List the prime factors of l.
2, 43
Let m = 533 + -309. What are the prime factors of m?
2, 7
Suppose -3*w - 3*a = -3, 3*w - 2*a = -2*w + 40. Let y(d) = 57*d - 13. What are the prime factors of y(w)?
7, 47
Let a(m) = -m**3 + 13*m**2 - 34*m + 29. What are the prime factors of a(-11)?
3307
Suppose z + 37 = 37. Suppose -a = o - 34, -3*a + 5 - 20 = z. What are the prime factors of o?
3, 13
Suppose 0 = 4*m - 7*r + 6*r - 3702, 918 = m - 4*r. What are the prime factors of m?
2, 463
Let r(n) be the third derivative of -1/60*n**5 + 7*n**3 + 0*n + 8*n**2 + 0 + 1/24*n**4. List the prime factors of r(0).
2, 3, 7
Suppose 10*o - 8*o - 3*w = 2162, -4*w - 5419 = -5*o. What are the prime factors of o?
1087
Suppose 4*g = -3*l + 2506, 1894 = 2*g + l + 640. What are the prime factors of g?
2, 157
Suppose -3*f = -2*f + 36. What are the prime factors of ((-3381)/(-5))/3 + f/90?
3, 5
Suppose 20*m + 55 = 135. Suppose k = 3*g + 220, -600 = -3*k + g - m*g. What are the prime factors of k?
5, 41
Suppose 2*k - 1076 - 688 = -3*g, k - 2*g - 882 = 0. List the prime factors of k.
2, 3, 7
Suppose 2*n - 24 = 8. Suppose -j + 112 = 2*y, y - n = -5*j + 49. What are the prime factors of y?
5, 11
Let y(t) = t**2 + 6*t - 2. Let n be y(-6). What are the prime factors of 0 + (-8)/16 + (-75)/n?
37
Let v be ((-80)/(-5))/(-2) - -4. Let c(d) = 2*d**2 + 2. List the prime factors of c(v).
2, 17
Suppose -6*y + 45 = -y. Suppose -6*r = y - 357. What are the prime factors of r?
2, 29
Let n(m) = -m + 4. Let u be n(-10). Let v = 12 + u. List the prime factors of v.
2, 13
Let n = 2145 + -909. What are the prime factors of n?
2, 3, 103
Let x(n) = 71*n - 527. List the prime factors of x(39).
2, 19, 59
Suppose 6*z - 498 + 528 = 0. Let d(w) be the third derivative of -w**4/4 + 5*w**3/6 + w**2. What are the prime factors of d(z)?
5, 7
Let d(u) = 2*u**2 - 7*u - 1. Let q be d(4). Suppose q*h = -2*h + 235. Suppose -n - v = -19, 2*n = 5*v - 10*v + h. What are the prime factors of n?
2
Let i(v) = v**3 + 19*v**2 + 11*v - 11. Let u be i(-13). Suppose u = -c + 6*c. List the prime factors of c.
2, 43
Let y(x) = 5*x + 2. Let q be y(5). Let j = -24 + q. List the prime factors of 4/(1*j/24).
2
Let w be 4/(-13 + 1) + 16903/3. Suppose w = 18*s - 0*s. List the prime factors of s.
313
Suppose -424*k + 429*k = 13790. What are the prime factors of k?
2, 7, 197
Let q = 68 - 63. Suppose -688 = -4*r + 4*s, -10*r - 2*s + 839 = -q*r. List the prime factors of r.
13
What are the prime factors of 2/(-4)*(-21046 - -12)/13?
809
Let c be ((-280)/21)/((-4)/6). Let y = c - -6. List the prime factors of y.
2, 13
Let d be 3 + (-5)/(-5) - -49. Let g = d + -34. List the prime factors of g.
19
Let p(j) = j**2 + 7*j + 12. Let k be p(-4). Suppose k*u = 2*u - 356. List the prime factors of u.
2, 89
What are the prime factors of ((-3395)/28 + 1)*-8?
2, 13, 37
Let f(z) be the first derivative of 10*z**3/3 - 5*z**2/2 + 3*z - 5. List the prime factors of f(4).
11, 13
Suppose 0 = -3*p + 9*p - 9912. List the prime factors of p.
2, 7, 59
Suppose -13*i = -16*i + 156. List the prime factors of i/20 + -3 + 1517/5.
3, 101
Let u = 5275 - 2853. What are the prime factors of u?
2, 7, 173
Suppose -18*y = -17*y - 582. Let a = y - 415. What are the prime factors of a?
167
Let m(z) = 3*z**3 + 15*z**2 - 9*z - 17. Let i(n) = 2*n**3 + 7*n**2 - 5*n - 9. Let k(f) = -5*i(f) + 3*m(f). Let q = 101 + -92. List the prime factors of k(q).
3, 19
Let l(k) = -k**3 + k**2 + 2. Let s be l(-2). Let c be 4/(-38) + (-31920)/(-1444). Let g = c + s. List the prime factors of g.
2, 3
List the prime factors of 2/(-4) + -7 + (-24702)/(-12).
7, 293
Suppose 74 = q - 0*q. Let c be q/(-3)*15/(-2). Suppose -3*n + c = 32. What are the prime factors of n?
3, 17
Let f(j) = -j**3 + 2*j**2 - j. Let k be f(1). Suppose 0*h + 5*v = -4*h - 19, -4*h + 3*v - 59 = k. List the prime factors of (h/(-3))/(9/81).
3, 11
Let r(v) = -25*v + 1. Let y be r(-5). Suppose 4*n - 130 = 5*c, 4*n - 9*n + 142 = 4*c. What are the prime factors of y/10 - (-12)/n?
13
Suppose 0 = 5*m - 66 - 109. Let f = m - 29. Suppose f*n - 5*n = 62. What are the prime factors of n?
2, 31
Let w be (0 + (-18)/3)/(-2). Suppose 292 = 7*v - w*v. What are the prime factors of v?
73
Let v = -67 - -119. Suppose 0 = -2*u - 4*f - f + 134, -u + 5*f + v = 0. List the prime factors of u.
2, 31
Let f be 68 - ((-4)/8 + 1/(-2)). Suppose f = -8*o + 717. List the prime factors of o.
3
Suppose -4*o = 5*i - 135, 3*i - 2*i = o + 18. Suppose -i = -0*k - k. What are the prime factors of k?
23
Suppose 3*h - 2*h - 357 = 0. Suppose -5*g - 2 = -h. What are the prime factors of g?
71
Let z be ((-2)/3)/(2/30). Let t = z - -6. List the prime factors of -40*(3 + t)*1.
2, 5
Suppose k = 5*k + l - 987, -4*k - 3*l = -985. List the prime factors of k.
13, 19
Suppose -4*s + 2*a = -3050, s = -0*s + 4*a + 745. List the prime factors of s.
3, 5, 17
Suppose -m + 10 = 4*m. Suppose -x = m*x - 90. Let a = x - 5. What are the prime factors of a?
5
Let m be (84/10)/(15/(-50)). Let b = m + 37. What are the prime factors of b?
3
Let g be (-9)/21 - (-155)/35. Suppose -3*f = 2*w - 160, -g*w + 253 = 2*f - 75. List the prime factors of w.
83
Suppose 0*g = -5*q + 2*g + 18, 3*q = -5*g - 14. Suppose -v = 4*t - 427, -2*t = q*t + 5*v - 439. What are the prime factors of t?
2, 53
Let u(d) = -2*d**2 - 9*d - 5. Let x be u(-4). Let k(l) = 188*l**2 - 4*l. List the prime factors of k(x).
2, 3
Let o(m) = 1 + 0 - 6*m + 2*m + 2. What are the prime factors of o(-1)?
7
Let d = -1 - -3. Suppose -16 = 13*j - 17*j. Suppose d*c + 5 - 38 = -3*s, 3*s = j*c + 15. List the prime factors of s.
3
Let k be 70*3*(-4)/(-24). Let f = k - 30. Suppose 0 = -f*q + 1 + 44. What are the prime factors of q?
3
Let a(y) = 611*y + 365. List the prime factors of a(4).
53
What are the prime factors of 21*4/(-6)*(-14075)/50?
7, 563
Let t be (-9)/(-2)*6/9. Suppose 4*d + 4*i - 